{"id":1003,"date":"2023-09-16T11:15:19","date_gmt":"2023-09-16T11:15:19","guid":{"rendered":"https:\/\/slashdown.net\/kinship\/?page_id=1003"},"modified":"2026-04-11T11:28:31","modified_gmt":"2026-04-11T09:28:31","slug":"tapahtumat","status":"publish","type":"page","link":"https:\/\/tiilihovi.fi\/www\/tapahtumat\/","title":{"rendered":"Tapahtumat"},"content":{"rendered":"\t\t<div data-elementor-type=\"wp-page\" data-elementor-id=\"1003\" class=\"elementor elementor-1003\">\n\t\t\t\t\t\t<section class=\"elementor-section elementor-top-section elementor-element elementor-element-5ca9494 elementor-reverse-tablet elementor-reverse-mobile elementor-section-full_width elementor-section-height-default elementor-section-height-default\" data-id=\"5ca9494\" data-element_type=\"section\" data-e-type=\"section\">\n\t\t\t\t\t\t<div class=\"elementor-container elementor-column-gap-default\">\n\t\t\t\t\t<div class=\"elementor-column elementor-col-50 elementor-top-column elementor-element elementor-element-beb8f2c elementor-invisible\" data-id=\"beb8f2c\" data-element_type=\"column\" data-e-type=\"column\" data-settings=\"{&quot;animation&quot;:&quot;fadeIn&quot;}\">\n\t\t\t<div class=\"elementor-widget-wrap elementor-element-populated\">\n\t\t\t\t\t\t<div class=\"elementor-element elementor-element-5afe3ff slashdown-image-default elementor-widget__width-initial elementor-widget elementor-widget-image\" data-id=\"5afe3ff\" data-element_type=\"widget\" data-e-type=\"widget\" data-widget_type=\"image.default\">\n\t\t\t\t\t\t\t\t\t\t\t\t\t\t\t<img fetchpriority=\"high\" decoding=\"async\" width=\"1024\" height=\"683\" src=\"https:\/\/tiilihovi.fi\/www\/wp-content\/uploads\/2025\/08\/DSC03731.jpg\" class=\"attachment-large size-large wp-image-2796\" alt=\"\" srcset=\"https:\/\/tiilihovi.fi\/www\/wp-content\/uploads\/2025\/08\/DSC03731.jpg 1024w, https:\/\/tiilihovi.fi\/www\/wp-content\/uploads\/2025\/08\/DSC03731-528x352.jpg 528w, https:\/\/tiilihovi.fi\/www\/wp-content\/uploads\/2025\/08\/DSC03731-768x512.jpg 768w, https:\/\/tiilihovi.fi\/www\/wp-content\/uploads\/2025\/08\/DSC03731-800x534.jpg 800w, https:\/\/tiilihovi.fi\/www\/wp-content\/uploads\/2025\/08\/DSC03731-160x107.jpg 160w\" sizes=\"(max-width: 1024px) 100vw, 1024px\" \/>\t\t\t\t\t\t\t\t\t\t\t\t\t\t\t<\/div>\n\t\t\t\t\t<\/div>\n\t\t<\/div>\n\t\t\t\t<div class=\"elementor-column elementor-col-50 elementor-top-column elementor-element elementor-element-6241305 elementor-invisible\" data-id=\"6241305\" data-element_type=\"column\" data-e-type=\"column\" data-settings=\"{&quot;animation&quot;:&quot;fadeIn&quot;,&quot;animation_delay&quot;:300}\">\n\t\t\t<div class=\"elementor-widget-wrap elementor-element-populated\">\n\t\t\t\t\t\t<div class=\"elementor-element elementor-element-c144d57 elementor-widget elementor-widget-slashdown_heading\" data-id=\"c144d57\" data-element_type=\"widget\" data-e-type=\"widget\" data-widget_type=\"slashdown_heading.default\">\n\t\t\t\t<div class=\"elementor-widget-container\">\n\t\t\t\t\t\t\t<div class=\"slashdown-heading text-center\">\n\t\t\t<span class=\"slashdown-heading__subtitle\">noin kerran kuukaudessa<\/span><h3 class=\"slashdown-heading__title\">Kaikille avoimet tapahtumat<\/h3>\t\t<\/div>\n\t\t\t\t\t\t<\/div>\n\t\t\t\t<\/div>\n\t\t\t\t<div class=\"elementor-element elementor-element-f7e8dca elementor-widget elementor-widget-text-editor\" data-id=\"f7e8dca\" data-element_type=\"widget\" data-e-type=\"widget\" data-widget_type=\"text-editor.default\">\n\t\t\t\t\t\t\t\t\t<p data-pm-slice=\"1 1 []\">Tapahtumatalon yl\u00e4kerta tarjoaa my\u00f6s viihdytt\u00e4vi\u00e4 tapahtuma-iltoja, joissa j\u00e4rjestet\u00e4\u00e4n sek\u00e4 konsertteja ett\u00e4 stand-up -iltoja. Tilassa esiintyy niin tunnettuja artisteja kuin nousevia kykyj\u00e4 ja sen intiimi mutta muunneltava ymp\u00e4rist\u00f6 luo t\u00e4ydellisen tunnelman el\u00e4myksellisille illoille.<\/p><p>Tapahtuma-illat tuovat vaihtelua talon tarjontaan ja tarjoavat mahdollisuuden viett\u00e4\u00e4 unohtumattomia iltoja musiikin ja huumorin parissa. Talviaikaan tapahtumia j\u00e4rjestet\u00e4\u00e4n noin kerran kuukaudessa ja kes\u00e4isin my\u00f6s arki-iltoina.<\/p>\t\t\t\t\t\t\t\t<\/div>\n\t\t\t\t\t<\/div>\n\t\t<\/div>\n\t\t\t\t\t<\/div>\n\t\t<\/section>\n\t\t\t\t<section class=\"elementor-section elementor-top-section elementor-element elementor-element-3f342f50 elementor-section-full_width elementor-section-stretched elementor-section-height-default elementor-section-height-default\" data-id=\"3f342f50\" data-element_type=\"section\" data-e-type=\"section\" data-settings=\"{&quot;stretch_section&quot;:&quot;section-stretched&quot;,&quot;background_background&quot;:&quot;classic&quot;}\">\n\t\t\t\t\t\t<div class=\"elementor-container elementor-column-gap-default\">\n\t\t\t\t\t<div class=\"elementor-column elementor-col-100 elementor-top-column elementor-element elementor-element-7dc1f68f\" data-id=\"7dc1f68f\" data-element_type=\"column\" data-e-type=\"column\">\n\t\t\t<div class=\"elementor-widget-wrap elementor-element-populated\">\n\t\t\t\t\t\t<div class=\"elementor-element elementor-element-2644123 elementor-widget elementor-widget-slashdown_heading\" data-id=\"2644123\" data-element_type=\"widget\" data-e-type=\"widget\" data-widget_type=\"slashdown_heading.default\">\n\t\t\t\t<div class=\"elementor-widget-container\">\n\t\t\t\t\t\t\t<div class=\"slashdown-heading text-center\">\n\t\t\t<h2 class=\"slashdown-heading__title\">Tapahtumat<br> <span>2025-2026<\/span><\/h2>\t\t<\/div>\n\t\t\t\t\t\t<\/div>\n\t\t\t\t<\/div>\n\t\t\t\t<div class=\"elementor-element elementor-element-013cdaf elementor-widget elementor-widget-heading\" data-id=\"013cdaf\" data-element_type=\"widget\" data-e-type=\"widget\" data-widget_type=\"heading.default\">\n\t\t\t\t\t<h6 class=\"elementor-heading-title elementor-size-default\">Lauantai 18.4.2026<\/h6>\t\t\t\t<\/div>\n\t\t<div class=\"elementor-element elementor-element-d97852b e-grid e-con-boxed e-con e-parent\" data-id=\"d97852b\" data-element_type=\"container\" data-e-type=\"container\">\n\t\t\t\t\t<div class=\"e-con-inner\">\n\t\t\t\t<div class=\"elementor-element elementor-element-4af12f3 elementor-widget elementor-widget-text-editor\" data-id=\"4af12f3\" data-element_type=\"widget\" data-e-type=\"widget\" data-widget_type=\"text-editor.default\">\n\t\t\t\t\t\t\t\t\t<div class=\"x14z9mp xat24cr x1lziwak x1vvkbs xtlvy1s x126k92a\"><p>Oo notkee ja tuu Kankeet &#8211; kapunkitapahtuman virallisille jatkoille!<\/p><p>Ovet ja baari aukeaa klo 21 ja bileb\u00e4ndi S.K.T. hypp\u00e4\u00e4 lavalle n. klo 21.30 alkaen.\u00a0<\/p><\/div><p>HAPPY HOUR klo 21-22! Kaikki juomat 5\u20ac<\/p>\t\t\t\t\t\t\t\t<\/div>\n\t\t\t\t<div class=\"elementor-element elementor-element-0edeead elementor-widget elementor-widget-image\" data-id=\"0edeead\" data-element_type=\"widget\" data-e-type=\"widget\" data-widget_type=\"image.default\">\n\t\t\t\t\t\t\t\t\t\t\t\t\t\t\t<img decoding=\"async\" width=\"886\" height=\"743\" src=\"https:\/\/tiilihovi.fi\/www\/wp-content\/uploads\/2026\/03\/kankeet-886x743.jpg\" class=\"attachment-large size-large wp-image-3410\" alt=\"\" srcset=\"https:\/\/tiilihovi.fi\/www\/wp-content\/uploads\/2026\/03\/kankeet-886x743.jpg 886w, https:\/\/tiilihovi.fi\/www\/wp-content\/uploads\/2026\/03\/kankeet-420x352.jpg 420w, https:\/\/tiilihovi.fi\/www\/wp-content\/uploads\/2026\/03\/kankeet-768x644.jpg 768w, https:\/\/tiilihovi.fi\/www\/wp-content\/uploads\/2026\/03\/kankeet-716x600.jpg 716w, https:\/\/tiilihovi.fi\/www\/wp-content\/uploads\/2026\/03\/kankeet-160x134.jpg 160w, https:\/\/tiilihovi.fi\/www\/wp-content\/uploads\/2026\/03\/kankeet.jpg 940w\" sizes=\"(max-width: 886px) 100vw, 886px\" \/>\t\t\t\t\t\t\t\t\t\t\t\t\t\t\t<\/div>\n\t\t\t\t\t<\/div>\n\t\t\t\t<\/div>\n\t\t\t\t<div class=\"elementor-element elementor-element-8315bdd elementor-widget elementor-widget-heading\" data-id=\"8315bdd\" data-element_type=\"widget\" data-e-type=\"widget\" data-widget_type=\"heading.default\">\n\t\t\t\t\t<h6 class=\"elementor-heading-title elementor-size-default\">Perjantai 1.5.2026<\/h6>\t\t\t\t<\/div>\n\t\t<div class=\"elementor-element elementor-element-25eda05 e-grid e-con-boxed e-con e-parent\" data-id=\"25eda05\" data-element_type=\"container\" data-e-type=\"container\">\n\t\t\t\t\t<div class=\"e-con-inner\">\n\t\t\t\t<div class=\"elementor-element elementor-element-34b823d elementor-widget elementor-widget-image\" data-id=\"34b823d\" data-element_type=\"widget\" data-e-type=\"widget\" data-widget_type=\"image.default\">\n\t\t\t\t\t\t\t\t\t\t\t\t\t\t\t<img decoding=\"async\" width=\"600\" height=\"400\" src=\"https:\/\/tiilihovi.fi\/www\/wp-content\/uploads\/2026\/04\/Vappubrunssi600x400v2.jpg\" class=\"attachment-large size-large wp-image-3419\" alt=\"\" srcset=\"https:\/\/tiilihovi.fi\/www\/wp-content\/uploads\/2026\/04\/Vappubrunssi600x400v2.jpg 600w, https:\/\/tiilihovi.fi\/www\/wp-content\/uploads\/2026\/04\/Vappubrunssi600x400v2-528x352.jpg 528w, https:\/\/tiilihovi.fi\/www\/wp-content\/uploads\/2026\/04\/Vappubrunssi600x400v2-160x107.jpg 160w\" sizes=\"(max-width: 600px) 100vw, 600px\" \/>\t\t\t\t\t\t\t\t\t\t\t\t\t\t\t<\/div>\n\t\t\t\t<div class=\"elementor-element elementor-element-55794b3 elementor-widget elementor-widget-text-editor\" data-id=\"55794b3\" data-element_type=\"widget\" data-e-type=\"widget\" data-widget_type=\"text-editor.default\">\n\t\t\t\t\t\t\t\t\t<div class=\"x14z9mp xat24cr x1lziwak x1vvkbs xtlvy1s x126k92a\"><div class=\"xdj266r x14z9mp xat24cr x1lziwak x1vvkbs\"><strong>Liekorannan loihtima maukas <\/strong><\/div><div class=\"xdj266r x14z9mp xat24cr x1lziwak x1vvkbs\"><strong>Vappubrunssi tarjolla klo 14.30 alkaen<\/strong><\/div><div>\u00a0<\/div><div class=\"x14z9mp xat24cr x1lziwak x1vvkbs xtlvy1s\">Liekorannan perunasalaattia (l, g)<br class=\"html-br\" \/>Savulohi-melonisalaattia (m, g)<br class=\"html-br\" \/>Kanapojan Caesar salaattia (l, g)<br class=\"html-br\" \/>Tomaattia, Peevon tilan ricottajuustoa ja viikunabalsamicoa (l, g)<br class=\"html-br\" \/>Parsa-retiisi-mozzarellasalaattia (vl, g)<\/div><div class=\"x14z9mp xat24cr x1lziwak x1vvkbs xtlvy1s\">Nyht\u00f6possua savuomenakastikkeella (m, g)<br class=\"html-br\" \/>Lihapy\u00f6ryk\u00f6it\u00e4 (l, g)<br class=\"html-br\" \/>Falafelit ja tsatsikia (v, g)<br class=\"html-br\" \/>Paahtoperunoita (v, g) &amp; auradippi\u00e4 (l, g) ja aiolia (m, g)<\/div><div class=\"x14z9mp xat24cr x1lziwak x1vvkbs xtlvy1s\">Focacciapatonkia ja yrttilevitett\u00e4<\/div><div class=\"x14z9mp xat24cr x1lziwak x1vvkbs xtlvy1s\">Tuoreita, paikan p\u00e4\u00e4ll\u00e4 paistettuja munkkirinkil\u00f6it\u00e4 (l)<br class=\"html-br\" \/>Minidonitsit (l)<br class=\"html-br\" \/>Porkkanapiirakkaa (l)<br class=\"html-br\" \/>Liekorannan simaa<br class=\"html-br\" \/>Sekamehua<\/div><div class=\"x14z9mp xat24cr x1lziwak x1vvkbs xtlvy1s\">\u00a0<\/div><div class=\"x14z9mp xat24cr x1lziwak x1vvkbs xtlvy1s\">Gluteeniton ja laktoositon, sek\u00e4 kasvisruokavalio huomioidaan ilman eri ilmoitusta.<\/div><div class=\"x14z9mp xat24cr x1lziwak x1vvkbs xtlvy1s\">\u00a0<\/div><div class=\"x14z9mp xat24cr x1lziwak x1vvkbs xtlvy1s\">Viinibaari palvelee brunssin ajan<\/div><div>\u00a0<\/div><div class=\"x14z9mp xat24cr x1lziwak x1vvkbs xtlvy1s\">Voit ostaa brunssin etuk\u00e4teen osoitteesta <a class=\"x1i10hfl xjbqb8w x1ejq31n x18oe1m7 x1sy0etr xstzfhl x972fbf x10w94by x1qhh985 x14e42zd x9f619 x1ypdohk xt0psk2 x3ct3a4 xdj266r x14z9mp xat24cr x1lziwak xexx8yu xyri2b x18d9i69 x1c1uobl x16tdsg8 x1hl2dhg xggy1nq x1a2a7pz xkrqix3 x1sur9pj x1fey0fg x1s688f\" tabindex=\"0\" role=\"link\" href=\"https:\/\/l.facebook.com\/l.php?u=http%3A%2F%2Flippu.tiilihovi.fi%2F%3Ffbclid%3DIwZXh0bgNhZW0CMTAAYnJpZBExdExzMEFoZ3M5Z3RLbmJIcHNydGMGYXBwX2lkEDIyMjAzOTE3ODgyMDA4OTIAAR4klyRe-8Uoa1wWNCPPRcc-7sLNKPamB9M0sNaC_WY1pXBsL156Mho72Utn_A_aem_xT3Y3jZeh7G3jIq32M4dpA&amp;h=AT7O9Vdn0UY59xjqJevFyoC2MpAIPN-kd9yemQTpopKru-y-nnpH8TUXUgVkj6ALnc2t9GhD0nm5tcEtp-jLhejb8hAwj6Ok7CkP43A6zh2-_gMXvR0eAJ9FedBxgyw5fdQ_NcOVVKZ3048yua8&amp;__tn__=q&amp;c[0]=AT7FR5kuc_dTY9oC6wRVOrZ6wWOGEjNn3KeCHXojQdSjuMs69noJ03P0wmrzcZvY2CDqh5TNNna9LRUuBYbCq1Sd7wLa0MYF53jvoBYIxdTekURn4Eim8QKJBj6CISWWyIH5478bnUNyFhcj-k8Td626gQWA4Si_XOw\" target=\"_blank\" rel=\"nofollow noopener noreferrer\">lippu.tiilihovi.fi<\/a><\/div><div class=\"x14z9mp xat24cr x1lziwak x1vvkbs xtlvy1s\">\u00a0<\/div><div class=\"x14z9mp xat24cr x1lziwak x1vvkbs xtlvy1s\">Ps. Brunssin j\u00e4lkeen vappuaiheista ohjelmaa Tiilihovin yl\u00e4kerrassa!<\/div><div>\u00a0<\/div><div><img loading=\"lazy\" decoding=\"async\" class=\"alignnone size-medium wp-image-3427\" src=\"https:\/\/tiilihovi.fi\/www\/wp-content\/uploads\/2026\/04\/VAPPUOHJELMA2026-282x352.jpg\" alt=\"\" width=\"282\" height=\"352\" srcset=\"https:\/\/tiilihovi.fi\/www\/wp-content\/uploads\/2026\/04\/VAPPUOHJELMA2026-282x352.jpg 282w, https:\/\/tiilihovi.fi\/www\/wp-content\/uploads\/2026\/04\/VAPPUOHJELMA2026-594x743.jpg 594w, https:\/\/tiilihovi.fi\/www\/wp-content\/uploads\/2026\/04\/VAPPUOHJELMA2026-768x960.jpg 768w, https:\/\/tiilihovi.fi\/www\/wp-content\/uploads\/2026\/04\/VAPPUOHJELMA2026-864x1080.jpg 864w, https:\/\/tiilihovi.fi\/www\/wp-content\/uploads\/2026\/04\/VAPPUOHJELMA2026-855x1069.jpg 855w, https:\/\/tiilihovi.fi\/www\/wp-content\/uploads\/2026\/04\/VAPPUOHJELMA2026-480x600.jpg 480w, https:\/\/tiilihovi.fi\/www\/wp-content\/uploads\/2026\/04\/VAPPUOHJELMA2026-128x160.jpg 128w, https:\/\/tiilihovi.fi\/www\/wp-content\/uploads\/2026\/04\/VAPPUOHJELMA2026.jpg 1080w\" sizes=\"(max-width: 282px) 100vw, 282px\" \/><\/div><\/div>\t\t\t\t\t\t\t\t<\/div>\n\t\t\t\t\t<\/div>\n\t\t\t\t<\/div>\n\t\t\t\t\t<\/div>\n\t\t<\/div>\n\t\t\t\t\t<\/div>\n\t\t<\/section>\n\t\t\t\t<\/div>\n\t\t","protected":false},"excerpt":{"rendered":"<p>noin kerran kuukaudessa Kaikille avoimet tapahtumat Tapahtumatalon yl\u00e4kerta tarjoaa my\u00f6s viihdytt\u00e4vi\u00e4 tapahtuma-iltoja, joissa j\u00e4rjestet\u00e4\u00e4n sek\u00e4 konsertteja ett\u00e4 stand-up -iltoja. Tilassa esiintyy niin tunnettuja artisteja kuin nousevia kykyj\u00e4 ja sen intiimi mutta muunneltava ymp\u00e4rist\u00f6 luo t\u00e4ydellisen tunnelman el\u00e4myksellisille illoille. Tapahtuma-illat tuovat vaihtelua talon tarjontaan ja tarjoavat mahdollisuuden viett\u00e4\u00e4 unohtumattomia iltoja musiikin ja huumorin parissa. Talviaikaan tapahtumia&#8230; <a href=\"https:\/\/tiilihovi.fi\/www\/tapahtumat\/\" class=\"more-link\">Continue reading<\/a><\/p>\n","protected":false},"author":1,"featured_media":2792,"parent":0,"menu_order":0,"comment_status":"closed","ping_status":"closed","template":"","meta":{"footnotes":""},"class_list":["post-1003","page","type-page","status-publish","has-post-thumbnail","hentry"],"_links":{"self":[{"href":"https:\/\/tiilihovi.fi\/www\/wp-json\/wp\/v2\/pages\/1003","targetHints":{"allow":["GET"]}}],"collection":[{"href":"https:\/\/tiilihovi.fi\/www\/wp-json\/wp\/v2\/pages"}],"about":[{"href":"https:\/\/tiilihovi.fi\/www\/wp-json\/wp\/v2\/types\/page"}],"author":[{"embeddable":true,"href":"https:\/\/tiilihovi.fi\/www\/wp-json\/wp\/v2\/users\/1"}],"replies":[{"embeddable":true,"href":"https:\/\/tiilihovi.fi\/www\/wp-json\/wp\/v2\/comments?post=1003"}],"version-history":[{"count":195,"href":"https:\/\/tiilihovi.fi\/www\/wp-json\/wp\/v2\/pages\/1003\/revisions"}],"predecessor-version":[{"id":3436,"href":"https:\/\/tiilihovi.fi\/www\/wp-json\/wp\/v2\/pages\/1003\/revisions\/3436"}],"wp:featuredmedia":[{"embeddable":true,"href":"https:\/\/tiilihovi.fi\/www\/wp-json\/wp\/v2\/media\/2792"}],"wp:attachment":[{"href":"https:\/\/tiilihovi.fi\/www\/wp-json\/wp\/v2\/media?parent=1003"}],"curies":[{"name":"wp","href":"https:\/\/api.w.org\/{rel}","templated":true}]}}